rivative of 1/3*n**3 + 0 - 6*n**2 + 0*n + 1/6*n**4 + 13/30*n**5. List the prime factors of p(-2).
2, 7
Let w(h) = -h**2 + h + 4. Let f be w(0). Suppose -5*s + f*s = -9. Let y = s - -52. List the prime factors of y.
61
Let a = -112 - -496. Let f = 636 - a. List the prime factors of f.
2, 3, 7
List the prime factors of (11193 - (12/(-4) + 3)) + (-105)/15.
2, 7, 17, 47
Let b(k) = k - 25. Let o be b(27). Suppose o*z - 3044 = 4*i, -39*i + 37*i + 7646 = 5*z. What are the prime factors of z?
2, 191
Let m be -7 + (73 - -2) + 4. Suppose -331 = -j + 5*v, 3*v - m = 5*j - 1727. What are the prime factors of j?
331
Let r be (-12 + 13)/(62/(-21) + 3). What are the prime factors of ((-36)/(-21))/(-3) - (-8706)/r?
2, 3, 23
List the prime factors of -6 + (8/(-76) - (-200430)/171).
2, 11, 53
Let u(s) be the second derivative of -s**5/20 + 11*s**4/12 - 7*s**3/6 + 8*s**2 - 67*s. List the prime factors of u(7).
163
Suppose u + 10 = -3*k, 0*u = 4*u + 4*k. Suppose 2*w = -8, 0*w - 1157 = -u*m - 2*w. Suppose m = 2*d + 3*b, -3*d = -3*b + 5*b - 362. List the prime factors of d.
2, 31
Suppose -r = 4*n - 1046, 0 = -2*n - 2 + 4. Suppose -r = -370*i + 369*i. What are the prime factors of i?
2, 521
Let t = -42532 + 72867. List the prime factors of t.
5, 6067
Suppose 0 = 6*c - c - p - 1059, c + p = 213. Let b = c - 164. What are the prime factors of b?
2, 3
Let z = -232 + 248. Suppose j + 0*j = 37. Suppose z = -k + j. List the prime factors of k.
3, 7
Let u = 72124 - 51137. What are the prime factors of u?
31, 677
Let z(v) = -6858*v - 4. Let d be z(-1). Suppose 7407 = 4*f - 3*y, 5*f - d - 2366 = -4*y. List the prime factors of f/(-18)*(-12)/8.
2, 7, 11
List the prime factors of 96010*4/32 - (19/(-4) + 5).
11, 1091
Let w(t) be the third derivative of 7*t**4/12 + 43*t**3/6 - 13*t**2. Let m be w(-14). List the prime factors of m/(-18) - 9/6.
7
Let f = 7742 - -2486. What are the prime factors of f?
2, 2557
Let u be (-12)/126*-192 - 2/7. Suppose u*v - 25*v = -2765. List the prime factors of v.
5, 79
Let f be (125/(-20))/5*(-5 - -1). List the prime factors of (-2490)/75*f/(-2) + -4.
79
Suppose 0 = 10*j - 9*j - 5*s - 3293, 3*s - 16577 = -5*j. Suppose -j = -4*g + 4*w - 289, 756 = g + 2*w. What are the prime factors of g?
2, 3, 7
What are the prime factors of -4 + (-31165)/(-20) - 13*(-2)/(-104)?
2, 3, 7, 37
Suppose 0 = 5*x + 4*s + 249, 3*x = 5*s - 55 - 87. Let a = x - -35. What are the prime factors of a*-21*6/9?
2, 7
Let f(p) = -538*p - 3772. What are the prime factors of f(-39)?
2, 5, 1721
Let v be 2/11 - 40/(-22). Suppose 4*j = -5*o + v*j + 30, -3*o + 37 = 5*j. Suppose a - 42 = -5*l + 11, 43 = o*l + a. List the prime factors of l.
2, 5
Let d(p) = p**3 + p**2 + 3*p - 16. Let w be d(0). Let u be (-370)/6 + w/48. Let f = 56 - u. List the prime factors of f.
2, 59
Suppose -r - 2248 = -2*k - 55859, -3*r + 160905 = 2*k. List the prime factors of r.
53629
Suppose 0 = 20*n - 18*n + 882. Let d = 355 - n. Suppose -172 = 13*l - d. What are the prime factors of l?
2, 3
Let q be 4/(-26) + 12075/325. Suppose 464 = 7*c + q. What are the prime factors of c?
61
List the prime factors of -65 + 56577 + 2/((-6)/(-3)).
31, 1823
Let z be 9/5*150/18. Let h(t) = 38*t - 155. List the prime factors of h(z).
5, 83
Let y be -6 + 10/(-5) + 4. What are the prime factors of y*(-3 + -126*12/32)?
3, 67
Let v be 2/(-4) + 60/8. Let h(t) = -66*t + 4 + 34*t + 8*t**2 - 6*t**2 + 34*t. List the prime factors of h(v).
2, 29
Suppose 187 + 103 = h. Let c = h - 118. Suppose -42 = 2*f - c. What are the prime factors of f?
5, 13
Suppose -o + 7 + 2 = 2*q, o + 9 = q. Suppose 5*c = -3*b + 389, -105*b + 635 = -100*b + 5*c. Suppose q*v - 93 = b. List the prime factors of v.
2, 3
Let z be (0 + 0/1)/(-3). Suppose z = -2*x + 2*j - j + 1468, x = -3*j + 734. List the prime factors of x.
2, 367
Let v(f) = -2*f**3 - 53*f**2 - 334*f - 73. List the prime factors of v(-27).
2, 7, 691
Let v = -414 + 3516. What are the prime factors of v?
2, 3, 11, 47
Let p(d) = 2*d - 42. Let m(q) = 23*q - 1. Let x be m(1). Let f be p(x). Suppose 2*r = -n + 111, f*n + 0*r - 5*r = 177. List the prime factors of n.
101
Let k = -8344 - -17545. What are the prime factors of k?
3, 3067
Suppose -3*m + 1204 = m - 4*u, -2*u + 614 = 2*m. What are the prime factors of 1 + (m - (1 + -3 - -2))?
5, 61
Let a = -175 - -170. Let x(n) = -16*n + 49. List the prime factors of x(a).
3, 43
Let k(n) = -2*n**3 + 15 - 15*n**2 - 4*n**2 + 2*n**2 - 8*n - 7. List the prime factors of k(-11).
701
Let g = 19980 + -6890. What are the prime factors of g?
2, 5, 7, 11, 17
Let p = -1 - 0. Let z(w) be the third derivative of -97*w**4/24 - w**3/6 - 5*w**2 - 4*w. What are the prime factors of z(p)?
2, 3
Suppose 2*f - 6*f - 16 = 0. Let t be 0 + (-51)/(-12) + 1/f. Suppose 6*h - 118 = t*h. List the prime factors of h.
59
Suppose -15162 = -3*u + t + 33051, -5*u + 5*t + 80335 = 0. What are the prime factors of u?
16073
Let q = -6 - -9. Let f(s) = -19*s. Let h(i) = -1445*i. Let v(x) = -153*f(x) + 2*h(x). What are the prime factors of v(q)?
3, 17
Let h(g) = 8*g**2 + 11*g - 67. Let i be h(-29). Suppose 4*y - 11*y + i = 0. What are the prime factors of y?
2, 3, 151
Let x = -57 + 57. Let u(q) = x + q - 69*q**3 - 5*q**2 + 8 + 70*q**3. List the prime factors of u(5).
13
Let p = 44 - -61. Suppose 755 - p = 5*n. Suppose 2*q - n = -5*v + 82, 4*q = 2*v + 376. List the prime factors of q.
2, 3
Suppose -5*d - 23433 = 5*n - 6*n, -4*d + 117252 = 5*n. List the prime factors of n.
2, 3, 977
Let c(h) = -h**2 + 4*h + 218. Suppose 4*a - p = 16, 3*a - 3*p - 30 = -9. Suppose 3*g + 6 + 14 = 5*q, 4*g - a*q = -12. What are the prime factors of c(g)?
2, 109
Let i = -190 + 194. Suppose 1503 = 5*w + 3*l, -3*l = w - i*l - 307. List the prime factors of w.
3, 101
Let z(d) = -d**3 - d**2 - 2. Let g(i) = 76*i**3 + 4*i**2 + 5. Let m(j) = -g(j) - 3*z(j). What are the prime factors of m(-1)?
73
Let s be -4 - (-6 + 251 + 5). Let i = 789 + s. What are the prime factors of i?
5, 107
Let m = 3011 - 404. List the prime factors of m.
3, 11, 79
Let b = 3070 + 1723. What are the prime factors of b?
4793
Suppose -5*g - 50 = 2*t - 197, -g + 4*t = -47. Suppose -b + g = 39. What are the prime factors of (-1)/b + 5510/80?
3, 23
Suppose 5*z = -5*c + 415205, 14*z - 9*z + c - 415201 = 0. What are the prime factors of z?
2, 3, 5, 173
Let i = 251 - -6775. List the prime factors of i.
2, 3, 1171
Let p(x) = x**2 + 12*x + 39. Let u be p(-6). Let j = -3 - -5. Suppose 3*f = -2*m + 343, 3*m = -u*f - j*m + 331. List the prime factors of f.
3, 13
Let m(j) be the third derivative of 0 + 0*j + 17*j**2 + 1/8*j**4 + 0*j**3. List the prime factors of m(5).
3, 5
Suppose -3238 = -6*o - 1162. List the prime factors of (6 + o)*(3 - 2).
2, 11
Suppose -6*m + 5*m + 3 = 0. Suppose -5 = 8*r - m*r, b - 4*r = 225. Let p = b + -143. What are the prime factors of p?
2, 3, 13
Let x(j) = 5*j**2 - 8*j + 396. What are the prime factors of x(18)?
2, 3, 13
Suppose -16898 = -5*y + 4*p, -y + p = -2060 - 1320. List the prime factors of y.
2, 3, 563
List the prime factors of (-7243 - (3 - 8))/(7/(-28)*4).
2, 7, 11, 47
Let v(m) = -24*m + 2 - 12 + 3*m**2 + 6. What are the prime factors of v(-4)?
2, 5, 7
Let h(g) = 1996*g**2 + 77*g - 12. What are the prime factors of h(3)?
3, 11, 19, 29
Let h = 71 - 68. Suppose -h*i - 643 - 170 = -3*w, 0 = -5*w + 2*i + 1358. List the prime factors of w.
2, 17
Let s = -305 - -307. What are the prime factors of (-36)/19 + s + 145420/418?
2, 3, 29
Let n(x) = 15*x**2 - 18*x + 39. Let p be n(-12). Suppose 373 = 17*w - p. List the prime factors of w.
2, 41
Let h(c) = 6*c**3 - 43*c**2 + 249*c - 18. What are the prime factors of h(12)?
2, 3, 397
List the prime factors of (1/(-3)*334)/(28/(-3024)).
2, 3, 167
Suppose 0 = -2*u + 10, o + 498 = -5*u - 125. Let m = o - -1130. List the prime factors of m.
2, 241
List the prime factors of 2330 + (3*(-8)/(-84) - (-114)/42).
2333
Let a = -37 - -37. Suppose 6*c = 5*t + c - 490, 4*t + 2*c - 362 = a. Let o = t - 16. What are the prime factors of o?
7, 11
Let w(f) = 1761*f**2 - 14*f + 38. What are the prime factors of w(4)?
2, 3, 13, 19
What are the prime factors of 2/(-46)*-334813 + (2800/1610)/(-20)?
14557
Let w = -15526 + 24809. List the prime factors of w.
9283
Suppose k + 3*z = 18200, -1321*z - 18232 = -k - 1316*z. List